 Suppose -7*t = -10*t + w. Let i(o) = -o**2 - o + 21. Let x be i(0). What is the highest common divisor of t and x?
21
Let g(k) = -k**3 + 9*k**2 + 5*k + 6. Let d be g(6). Let t = 227 + -209. Calculate the greatest common factor of t and d.
18
Let l be (0 + -14 + -1)*-9. Let s(h) = 3*h - 6. Let n be s(4). Let x be ((-27)/n)/((-1)/6). What is the highest common divisor of x and l?
27
Let n(r) = 6*r + 4. Let y be n(-2). Let a be -2 + y*(2 - -1). Let b = 1 - a. Calculate the greatest common divisor of 3 and b.
3
Let h be -210*2/4*(-6)/9. What is the greatest common divisor of 252 and h?
14
Let a = -2058 - -2259. What is the highest common divisor of 3 and a?
3
Let u(v) = 17*v + 4. Let j be u(2). Let n = j + -25. Calculate the highest common divisor of 65 and n.
13
Suppose 0 = -o + 167 + 41. Calculate the greatest common divisor of o and 1976.
104
Let p be (-318)/(-36) + 2/12. Suppose -3*r + 69 = -0*r. Suppose 0*y = -y - 2*m + r, 0 = 3*y - 2*m - 85. Calculate the highest common divisor of y and p.
9
Suppose 12137 = 4*f - 2*u - 7905, -4*f - 4*u + 20072 = 0. What is the highest common divisor of f and 9?
9
Suppose -2*b = 2*k - 696, -b + 15*k - 10*k + 366 = 0. Calculate the highest common factor of 108 and b.
27
Suppose 0 = d - 2 + 7. Let m(y) = -32*y - 7. Let s be m(d). Calculate the highest common divisor of s and 17.
17
Suppose 5 = -2*a - 19. Let m be (-104)/a + (-1)/(-3). Suppose 11*o = -0*o + 99. Calculate the highest common divisor of o and m.
9
Suppose -4*r + 307 - 55 = 0. What is the greatest common factor of r and 18?
9
Suppose 0 = 2*s - 8 - 22. Suppose k - s = -7. Calculate the greatest common divisor of k and 4.
4
Suppose -o = 2, -8 = -4*l + 2*o + 244. What is the highest common divisor of l and 434?
62
Let x(g) = -g**2 - 9*g + 5. Let l be x(-8). Suppose -195 = 125*y - 130*y. What is the greatest common divisor of y and l?
13
Suppose 27 = 14*t - 11*t. Let z(n) = -n**3 + 9*n**2 + 9. Let s be z(t). What is the highest common divisor of 72 and s?
9
Let w = -228 - -327. Let f = -204 + 215. What is the greatest common divisor of w and f?
11
Suppose 0 = -5*g, 0 = -9*t + 4*t - 2*g + 100. Suppose 2*d + 17 = k, 0 = -0*k - k + 5*d + t. Calculate the highest common factor of k and 165.
15
Let o(v) = v**3 + 8*v**2 + 3*v + 10. Let m be o(-6). Suppose 4*c - m = 16. Calculate the greatest common factor of c and 100.
20
Let i be (294/(-35))/(-7)*(-770)/(-4). What is the greatest common factor of 21 and i?
21
Let n be (1856/48)/(6/9). Calculate the highest common divisor of 87 and n.
29
Let q(h) = -h**3 + 4*h**2 + 8*h - 10. Let g be q(5). Suppose 3*b + 75 = 5*j - 13, 3*j - g*b = 56. Calculate the greatest common factor of j and 34.
17
Let u = -1283 + 1955. What is the highest common factor of u and 21?
21
Suppose 2*l = -2*l + 20. Suppose 0 = -l*y + 9*y - 8. Suppose -322 = -5*w - y*h, 3*w + 0*w + h - 194 = 0. What is the highest common divisor of w and 6?
6
Suppose -25*n = -2*l - 24*n + 1738, 12 = -3*n. What is the greatest common factor of l and 34?
17
Suppose -18*v = -14*v - 24. Suppose f - 66 = -v. Calculate the greatest common factor of 20 and f.
20
Let o be -75 + 4/(-22) + 18/(-22). Let i = -54 - o. What is the greatest common factor of i and 242?
22
Let x = 73 - 52. Suppose -110*h + 1890 = -105*h. What is the highest common divisor of x and h?
21
Suppose 22*p = -121 + 429. Let d(c) = 4*c + 6. Let b be d(9). What is the greatest common factor of b and p?
14
Let s = -25 - -30. Suppose 2*n + 3*a = -a, 6 = -n - s*a. Suppose -n*y + 0*y + 36 = 0. Calculate the highest common divisor of 9 and y.
9
Let m(r) = 2*r - 35. Let n be m(15). Let g be (-2 + (3 - 2))*3 - n. What is the greatest common factor of 16 and g?
2
Let h = -1164 - -1812. Suppose -6*b - h = -8*b. Calculate the greatest common divisor of b and 36.
36
Suppose 2*c + l - 55 = 49, c - 42 = -3*l. Let m = -28 + c. What is the highest common factor of 26 and m?
26
Suppose -741 = -5*s - 111. Suppose -10*q - 4 = -454. Suppose l - s = -q. Calculate the highest common factor of l and 9.
9
Let b = 19 - 22. Let y be 5/(b/(-12)*4). Suppose y*g = -4*n + 34, -5*g - 1 = 9. Calculate the highest common divisor of n and 33.
11
Let j be 25/(-2)*16/(-10). Let x be ((-36)/(-3))/(10/35) - 2. Calculate the greatest common factor of x and j.
20
Let d be ((-2)/((-4)/(-26)))/(-1). Suppose x - v - 21 = 0, d = x + v + 2*v. Suppose 41*p = -4257 + 11268. What is the highest common divisor of x and p?
19
Let j be (35190/345)/(2/44*3). Calculate the greatest common divisor of 33 and j.
11
Let c = 125 - 85. Let s be ((-48)/6*c)/(-1). Calculate the highest common factor of s and 40.
40
Suppose -8*n + 27*n - 380 = 0. Calculate the highest common divisor of n and 560.
20
Let o = 7 + 95. What is the highest common divisor of o and 51?
51
Let v(b) = -b**3 - 6*b**2 + 15. Let j be v(0). What is the highest common divisor of 4905 and j?
15
Suppose 32*k - 21*k - 924 = 0. Calculate the greatest common factor of k and 105.
21
Let f(n) = -2*n + 14. Let d be f(6). Suppose -d*w = -3*b - 1 - 48, -4*b - 52 = -2*w. What is the greatest common factor of 8 and w?
4
Let f = -23 + 23. Suppose -2*p + 64 + 36 = 3*g, f = -3*g - 3*p + 96. Calculate the highest common factor of 252 and g.
36
Let z be 13/((-26)/(-270)) + 0. What is the highest common divisor of z and 36?
9
Let r be ((-4)/3)/(24/(-180)). Let a(o) = -17*o + 5. Let c be a(-5). What is the greatest common factor of c and r?
10
Let q be ((17 + -1)/4)/(-2). Let x be (q/(-3))/(1/18). Calculate the greatest common factor of x and 6.
6
Let c be (2 + 8)*(-5)/10. Let z = 3 - c. Let p be 9/(-3) - 15*-5. Calculate the greatest common divisor of z and p.
8
Suppose g - 288 = -2*g. Let v = 8 - 18. Let w = v + 22. Calculate the greatest common divisor of w and g.
12
Let w = 35 - 30. Suppose w*c = -l + 53, -3*l + 4*c - 100 = -5*l. What is the greatest common factor of l and 6?
6
Suppose -3103 = -8*x + 3889. Calculate the highest common factor of x and 76.
38
Suppose i - 4*g - 4 + 5 = 0, 0 = 3*g + 9. Let y = i - -26. What is the highest common factor of 91 and y?
13
Let i = 4 - 3. Let d(c) = -2*c**2 + 0*c**3 + c**3 + 3 + c - 2*c**3. Let r be d(-3). Calculate the highest common divisor of i and r.
1
Suppose -19*n + 481 = -469. What is the highest common divisor of n and 50?
50
Let n be (30/4)/((-79)/(-158)). Let z = 1 - -1. Suppose -95 = -z*d + n. Calculate the highest common factor of d and 5.
5
Let q be 1/((-1 + -4)/(-70)). Let w = 1 + q. What is the highest common factor of w and 3?
3
Let u(t) = -3*t + 2*t**2 + 1 + 6 - 12. Let k be u(5). Let l be ((-1680)/(-50))/(4/k). Calculate the highest common divisor of l and 28.
28
Let y(m) = -m**3 + 27*m**2 - 5*m + 136. Let h be y(27). Let u be 1/(-3) - 4/(-3). Calculate the highest common divisor of u and h.
1
Suppose 7*w - 2*w = 430. Let p = w + -70. Calculate the highest common factor of p and 40.
8
Let l(r) be the second derivative of -r**3 - 29*r**2/2 - 18*r. Let w be l(-7). What is the greatest common divisor of w and 39?
13
Suppose 55 = 2*m - 3*d - 0*d, 0 = -5*m + 2*d + 110. Suppose -4*t - t + m = 0. Suppose -p = -t - 1. Calculate the highest common factor of 5 and p.
5
Let w(r) = -163*r + 21. Let a be w(-1). What is the highest common factor of a and 8?
8
Let k be (312/15)/(6/5 + -1). Suppose 0 = -2*p - 3*h + k, -5*p + 145 = 4*h - 115. Let s = 254 + -124. What is the greatest common divisor of p and s?
26
Let o(l) = 61*l**2 - 1. Let h be o(1). Let q = -19 - -16. Let p be 14 + ((-24)/(-4))/q. Calculate the highest common divisor of h and p.
12
Let m be 13/2 + (-12)/(-8). What is the highest common factor of 8 and m?
8
Let f be 12/7*-15*(-28)/10. Calculate the greatest common factor of f and 3312.
72
Let x(h) = 2*h**3 + h**2 + h + 1. Let s be x(-2). Let i = s - -34. Suppose 10 = -19*n + i*n. Calculate the highest common factor of 1 and n.
1
Let d = 7 - 2. Suppose 3*y - 7*y = -168. Let w be 542/12 - 7/y. What is the greatest common divisor of w and d?
5
Suppose 0 = m - 3*m + m. Suppose -f - f + 117 = -5*o, m = -f - 4*o + 26. Calculate the greatest common factor of 138 and f.
46
Suppose 12*j + 5*k - 2200 = 7*j, -4*k + 437 = j. Calculate the highest common divisor of 9 and j.
9
Let y be ((-4)/(-7))/((-38)/(-1995)). Calculate the highest common factor of 110 